867?
7
What is the thousands digit of 759934?
9
What is the ten thousands digit of 1216553?
1
What is the units digit of 155229?
9
What is the tens digit of 9768233?
3
What is the ten millions digit of 18070747?
1
What is the units digit of 202394?
4
What is the millions digit of 1288136?
1
What is the tens digit of 263496?
9
What is the thousands digit of 662117?
2
What is the hundreds digit of 2548870?
8
What is the tens digit of 4477196?
9
What is the ten thousands digit of 309360?
0
What is the thousands digit of 10185475?
5
What is the tens digit of 32864230?
3
What is the ten thousands digit of 90698?
9
What is the millions digit of 2485675?
2
What is the hundred thousands digit of 522866?
5
What is the hundred thousands digit of 5946928?
9
What is the hundreds digit of 8243792?
7
What is the ten thousands digit of 2602720?
0
What is the tens digit of 1551893?
9
What is the hundreds digit of 2763158?
1
What is the tens digit of 1331859?
5
What is the hundred thousands digit of 425672?
4
What is the tens digit of 3027076?
7
What is the hundred thousands digit of 9434177?
4
What is the tens digit of 928911?
1
What is the millions digit of 1537095?
1
What is the ten thousands digit of 573640?
7
What is the hundred thousands digit of 20386822?
3
What is the hundreds digit of 156916?
9
What is the tens digit of 224011?
1
What is the tens digit of 629051?
5
What is the tens digit of 22913230?
3
What is the hundreds digit of 526161?
1
What is the hundred thousands digit of 4347773?
3
What is the thousands digit of 5376114?
6
What is the millions digit of 3927341?
3
What is the thousands digit of 1471516?
1
What is the units digit of 226207?
7
What is the thousands digit of 1679743?
9
What is the millions digit of 5909535?
5
What is the ten thousands digit of 285842?
8
What is the units digit of 588601?
1
What is the ten thousands digit of 4809543?
0
What is the thousands digit of 247957?
7
What is the thousands digit of 168426?
8
What is the thousands digit of 3287575?
7
What is the tens digit of 353119?
1
What is the tens digit of 445962?
6
What is the millions digit of 2055656?
2
What is the units digit of 3377896?
6
What is the units digit of 147938?
8
What is the thousands digit of 1632327?
2
What is the tens digit of 59896?
9
What is the thousands digit of 1078308?
8
What is the hundreds digit of 7154059?
0
What is the ten thousands digit of 204155?
0
What is the hundred thousands digit of 515487?
5
What is the hundred thousands digit of 14020153?
0
What is the ten thousands digit of 1644030?
4
What is the hundred thousands digit of 3406791?
4
What is the thousands digit of 450609?
0
What is the units digit of 1757382?
2
What is the units digit of 194991?
1
What is the hundreds digit of 49952?
9
What is the thousands digit of 26899876?
9
What is the ten thousands digit of 905739?
0
What is the units digit of 14478571?
1
What is the units digit of 36689?
9
What is the millions digit of 6003833?
6
What is the units digit of 249953?
3
What is the hundred thousands digit of 580287?
5
What is the units digit of 2165115?
5
What is the millions digit of 1911451?
1
What is the hundreds digit of 155381?
3
What is the hundreds digit of 467570?
5
What is the hundred thousands digit of 114031?
1
What is the hundreds digit of 115037?
0
What is the units digit of 4510483?
3
What is the tens digit of 4665373?
7
What is the ten millions digit of 22436278?
2
What is the units digit of 8396600?
0
What is the hundred thousands digit of 4501016?
5
What is the hundred thousands digit of 276227?
2
What is the millions digit of 3725948?
3
What is the ten thousands digit of 246478?
4
What is the tens digit of 25172?
7
What is the tens digit of 1019535?
3
What is the thousands digit of 101233?
1
What is the ten thousands digit of 2885339?
8
What is the thousands digit of 596670?
6
What is the thousands digit of 96279?
6
What is the thousands digit of 4732402?
2
What is the ten thousands digit of 40708544?
0
What is the tens digit of 953084?
8
What is the units digit of 1989551?
1
What is the hundreds digit of 282074?
0
What is the hundreds digit of 1588042?
0
What is the units digit of 3140254?
4
What is the tens digit of 144967?
6
What is the thousands digit of 1607915?
7
What is the thousands digit of 206560?
6
What is the hundreds digit of 5777208?
2
What is the units digit of 397526?
6
What is the hundreds digit of 3539688?
6
What is the millions digit of 9047990?
9
What is the thousands digit of 695677?
5
What is the tens digit of 4730057?
5
What is the hundred thousands digit of 31302276?
3
What is the millions digit of 1087651?
1
What is the thousands digit of 9172208?
2
What is the hundreds digit of 829825?
8
What is the hundred thousands digit of 6123275?
1
What is the hundreds digit of 428340?
3
What is the hundreds digit of 811307?
3
What is the ten thousands digit of 6355886?
5
What is the ten thousands digit of 387082?
8
What is the tens digit of 612507?
0
What is the units digit of 36091532?
2
What is the units digit of 11177?
7
What is the hundred thousands digit of 6361267?
3
What is the ten thousands digit of 11516365?
1
What is the hundreds digit of 15810448?
4
What is the hundreds digit of 19191?
1
What is the units digit of 476660?
0
What is the thousands digit of 317594?
7
What is the hundreds digit of 9933984?
9
What is the millions digit of 3961372?
3
What is the hundred thousands digit of 14648876?
6
What is the tens digit of 43902?
0
What is the units digit of 125281?
1
What is the tens digit of 176473?
7
What is the hundred thousands digit of 3432114?
4
What is the thousands digit of 778637?
8
What is the units digit of 481781?
1
What is the millions digit of 1955345?
1
What is the ten thousands digit of 438153?
3
What is the tens digit of 444106?
0
What is the tens digit of 372432?
3
What is the ten thousands digit of 3363409?
6
What is the millions digit of 1287480?
1
What is the ten thousands digit of 6938710?
3
What is the millions digit of 3465050?
3
What is the units digit of 6343220?
0
What is the ten thousands digit of 328294?
2
What is the tens digit of 31252?
5
What is the tens digit of 46691?
9
What is the tens digit of 19036537?
3
What is the thousands digit of 3857312?
7
What is the ten thousands digit of 547553?
4
What is the ten thousands digit of 452559?
5
What is the millions digit of 3262365?
3
What is the units digit of 50083?
3
What is the thousands digit of 20621090?
1
What is the hundred thousands digit of 429874?
4
What is the millions digit of 5806611?
5
What is the thousands digit of 3710695?
0
What is the thousands digit of 5492983?
2
What is the hundred thousands digit of 197894?
1
What is the hundreds digit of 1645799?
7
What is the thousands digit of 147285?
7
What is the tens digit of 2974210?
1
What is the tens digit of 80205?
0
What is the units digit of 6680577?
7
What is the tens digit of 520341?
4
What is the tens digit of 1683437?
3
What is the thousands digit of 337805?
7
What is the units digit of 3437389?
9
What is the tens digit of 115129?
2
What is the hundreds digit of 54920?
9
What is the thousands digit of 5463639?
3
What is the millions digit of 4215149?
4
What is the ten thousands digit of 16251?
1
What is the ten thousands digit of 6589580?
8
What is the hundred thousands digit of 264429?
2
What is the thousands digit of 7444171?
4
What is the hundreds digit of 6333?
3
What is the hundreds digit of 916628?
6
What is the thousands digit of 347862?
7
What is the thousands digit of 4239753?
9
What is the hundred thousands digit of 106525?
1
What is the ten thousands digit of 620047?
2
What is the hundreds digit of 1000449?
4
What is the units digit of 367190?
0
What is the thousands digit of 11081334?
1
What is the units digit of 517760?
0
What is the hundreds digit of 62382?
3
What is the ten thousands digit of 416724?
1
What is the hundred thousands digit of 18345000?
3
What is the units digit of 364491?
1
What is the millions digit of 2727424?
2
What is the hundreds digit of 5906547?
5
What is the tens digit of 639700?
0
What is the hundred thousands digit of 1457763?
4
What is the units digit of 1043150?
0
What is the hundreds digit of 691785?
7
What is the tens digit of 8332?
3
What is